{"id":610,"date":"2020-11-28T20:56:38","date_gmt":"2020-11-28T20:56:38","guid":{"rendered":"https:\/\/wc-test.waldmann.solutions\/?page_id=610"},"modified":"2020-11-28T20:56:38","modified_gmt":"2020-11-28T20:56:38","slug":"prinzenerzieher-buechsenmacher-nobelpreistraeger","status":"publish","type":"page","link":"https:\/\/wc-test.waldmann.solutions\/?page_id=610","title":{"rendered":"Prinzenerzieher B\u00fcchsenmacher Nobelpreistr\u00e4ger"},"content":{"rendered":"\n<p>Lebensbilder au\u00dfergew\u00f6hnlicher Pers\u00f6nlichkeiten <br>in der KulturRegion S\u00f6hre-Kaufunger Wald<\/p>\n\n\n\n<p><br>Ausstellung im Jahr 2003 \u00fcber Pers\u00f6nlichkeiten in Nordhessen<\/p>\n\n\n\n<p>W\u00e4hrend des Zweiten Weltkrieges arbeitet der in Dittershausen geborene Waldmann als Fotograf und Kameramann f\u00fcr die Wochenschau. Die bemerkenswerte Qualit\u00e4t seiner Arbeiten macht ihn bekannt. 1963 beginnt er als Filmkameramann beim Hessischen Rundfunk. Nach einigen kleineren und gr\u00f6\u00dferen Fernsehproduktionen geht Waldmann f\u00fcr Filmproduktionen ins Ausland. \u201eMedizin in der Sowjetunion\u201d und \u201eBildungssystem in der Sowjetunion\u201d brachten dem Hessischen Rundfunk gro\u00dfen Erfolg ein. Unter schwierigsten Bedingungen dreht Waldmann u.a. in Malaysia, Asien und S\u00fcdafrika. Ab 1972 baut Waldmann das Studio Kassel des HR auf und lehrt an der Universit\u00e4t G\u00f6ttingen. Von 1979 bis zu seiner Pensionierung 1983 \u00fcbernimmt er die Produktionsleitung Fernsehen im Studio Kassel. Waldmann bleibt jedoch auch zeitlebens Bewahrer und Besch\u00fctzer des Mediums Fotografie. In seinem kleinen, privaten Museum sammelt und archiviert er \u00fcber 10.000 Dokumente zur Geschichte der Fotografie.<\/p>\n","protected":false},"excerpt":{"rendered":"<p>Lebensbilder au\u00dfergew\u00f6hnlicher Pers\u00f6nlichkeiten in der KulturRegion S\u00f6hre-Kaufunger Wald Ausstellung im Jahr 2003 \u00fcber Pers\u00f6nlichkeiten in Nordhessen W\u00e4hrend des Zweiten Weltkrieges arbeitet der in Dittershausen geborene Waldmann als Fotograf und Kameramann f\u00fcr die Wochenschau. Die bemerkenswerte Qualit\u00e4t seiner Arbeiten macht ihn bekannt. 1963 beginnt er als Filmkameramann beim Hessischen Rundfunk. Nach einigen kleineren und gr\u00f6\u00dferen Fernsehproduktionen &hellip; <\/p>\n<p class=\"link-more\"><a href=\"https:\/\/wc-test.waldmann.solutions\/?page_id=610\" class=\"more-link\"><span class=\"screen-reader-text\">\u201ePrinzenerzieher B\u00fcchsenmacher Nobelpreistr\u00e4ger\u201c<\/span> weiterlesen<\/a><\/p>\n","protected":false},"author":1,"featured_media":0,"parent":0,"menu_order":0,"comment_status":"closed","ping_status":"closed","template":"","meta":{"pgc_sgb_lightbox_settings":"","footnotes":""},"class_list":["post-610","page","type-page","status-publish","hentry"],"jetpack_sharing_enabled":true,"_links":{"self":[{"href":"https:\/\/wc-test.waldmann.solutions\/index.php?rest_route=\/wp\/v2\/pages\/610","targetHints":{"allow":["GET"]}}],"collection":[{"href":"https:\/\/wc-test.waldmann.solutions\/index.php?rest_route=\/wp\/v2\/pages"}],"about":[{"href":"https:\/\/wc-test.waldmann.solutions\/index.php?rest_route=\/wp\/v2\/types\/page"}],"author":[{"embeddable":true,"href":"https:\/\/wc-test.waldmann.solutions\/index.php?rest_route=\/wp\/v2\/users\/1"}],"replies":[{"embeddable":true,"href":"https:\/\/wc-test.waldmann.solutions\/index.php?rest_route=%2Fwp%2Fv2%2Fcomments&post=610"}],"version-history":[{"count":1,"href":"https:\/\/wc-test.waldmann.solutions\/index.php?rest_route=\/wp\/v2\/pages\/610\/revisions"}],"predecessor-version":[{"id":611,"href":"https:\/\/wc-test.waldmann.solutions\/index.php?rest_route=\/wp\/v2\/pages\/610\/revisions\/611"}],"wp:attachment":[{"href":"https:\/\/wc-test.waldmann.solutions\/index.php?rest_route=%2Fwp%2Fv2%2Fmedia&parent=610"}],"curies":[{"name":"wp","href":"https:\/\/api.w.org\/{rel}","templated":true}]}}