{"id":608,"date":"2020-11-28T20:53:41","date_gmt":"2020-11-28T20:53:41","guid":{"rendered":"https:\/\/wc-test.waldmann.solutions\/?page_id=608"},"modified":"2020-12-07T11:10:09","modified_gmt":"2020-12-07T11:10:09","slug":"fotograf-und-kameramann","status":"publish","type":"page","link":"https:\/\/wc-test.waldmann.solutions\/?page_id=608","title":{"rendered":"Fotograf und Kameramann"},"content":{"rendered":"\n<p>Viele Menschen sind Karl Friedrich Waldmann und seinem Werk begegnet, ohne den Mann je gesehen zu haben.<\/p>\n\n\n\n<p>Waldmann hat diese Menschen begleitet, hat sie informiert und zu Entscheidungen gef\u00fchrt, indem er sie in strenger Selbstschulung und -Pr\u00fcfung mit der eingefangenen Wirklichkeit unserer Zeit konfrontiert. F\u00fcr deren m\u00f6glichst objektive Darbietung verb\u00fcrgt sich der Zeit seines Lebens um ehrliche Vermittlung ringende Fotograf und Kameramann.<\/p>\n\n\n\n<p>&nbsp;Karl Friedrich Waldmann wird am 18. Dezember 1920 in Dittershausen geboren.<\/p>\n\n\n\n<p>Im zweiten Weltkrieg ist er als Fotograf und Kameramann der Wochenschau t\u00e4tig. \u201eDas Arbeiten war damals sehr schwer, weil man ja so vieles nicht zeigen durfte\u201c \u2013 in jener Zeit, als objektiv erfasste Wirklichkeit sehr gef\u00e4hrlich ist und zur\u00fcckzustehen hat hinter ihrer ideologischen Bewertung und Deutung. Die Qualit\u00e4t der filmischen und fotografischen Arbeiten macht Waldmann bekannt.<\/p>\n\n\n\n<p>Er arbeitet als freier Fotograf und wird 1963 Filmkameramann beim Hessischen Rundfunk. Er ist der erste st\u00e4ndige Kameramann des Fernsehens in Nordhessen.<\/p>\n\n\n\n<p>Zun\u00e4chst entstehen eine F\u00fclle von kleinen und gr\u00f6\u00dferen Fernsehproduktionen mit Geschehnissen aus seiner Heimat Nordhessen.<\/p>\n\n\n\n<p>Zwischen 1964 und 1972 f\u00fchren ihn seine Filmproduktionen ins Ausland, vor allem nach Asien, in die Sowjetunion und nach S\u00fcdafrika.<\/p>\n\n\n\n<p>Die Filme, die f\u00fcr die ARD produziert werden, vor allem in Malaysia, sowie die Serie \u201eMedizin in der Sowjetunion\u201c und \u201eBildungssystem in der Sowjetunion\u201c, sind f\u00fcr den Hessischen Rundfunk ein Erfolg. Filme, die unter teilweise schwierigsten Bedingungen gedreht werden mussten. Dies gilt auch f\u00fc den Film in S\u00fcdafrika, wo Karl Friedrich Waldmann den Film \u00fcber Herztransplantationen des Chirurgen Dr. Christian Barnard bei dessen Patienten Bleiberg herstellt.<\/p>\n\n\n\n<p>Als Kennzeichen der Arbeit Karl Friedrich Waldmanns darf gelten, dass er mit der Kamera das Auge des Betrachters f\u00fchrt und dessen Blick solcherart sch\u00e4rft f\u00fcr die bildliche Dokumentation zu entnehmende, dauerhaft wichtige Information.<\/p>\n\n\n\n<p>Ab 1972 zeichnet Karl Friedrich Waldmann verantwortlich f\u00fcr den Aufbau des neuen Studios Kassel. Zu seinen Obliegenheiten z\u00e4hlen die Entwicklung neuer Teams und \u2013 im Rahmen der Ausbildung dort \u2013 auch die Unterrichtung von Studenten der Universit\u00e4t G\u00f6ttingen. Von 1979 bis zu seiner Pensionierung zum Jahresende 1983 ist er Produktionsleiter Fernsehen im Studio Kassel.<\/p>\n\n\n\n<p>Karl Friedrich Waldmann geh\u00f6rt zu den geistigen V\u00e4tern und F\u00f6rderern des Heimat- und Geschichtsvereins Dennhausen\/Dittershausen.<\/p>\n\n\n\n<p>Er st\u00f6bert historische Aufnahmen aus der nordhessischen Heimat auf, viele weit \u00fcber 100 Jahre alt, restauriert und reproduziert sie. Er ist ein Sammler, der die gro\u00dfen der Italien-Fotografie liebt und muss zum Interpreter, Bewahrer und Besch\u00fctzer des Mediums Fotografie werden. Er sammelt und archiviert in seinem kleinen privaten Museum \u00fcber 10.000 historische Dokumente aus Geschichte der Fotografie. Neben den Aufnahmen aus der Region \u2013 dazu z\u00e4hlen u.a. die Fotografen Leonhardt und Steiger \u2013 sammelt er Asien, Italien und insbesondere Aufnahmen von den gro\u00dfen italienischen Fotografen aus Rom und Venedig.<\/p>\n\n\n\n<p>Am 18.M\u00e4rz 1987 stirbt Karl Friedrich Waldmann.<\/p>\n\n\n\n<p>Text entnommen aus:<br><em>Ausstellung des Regionalmuseums Kaufungen (Winfried Wroz), 2003: &#8218;Prinzenerzieher, B\u00fcchsenmacher, Nobelpreistr\u00e4ger &#8211; Lebensbilder au\u00dfergew\u00f6hnlicher Pers\u00f6nlichkeiten in der KulturRegion S\u00f6hre-Kaufunger Wald&#8216;<\/em><\/p>\n","protected":false},"excerpt":{"rendered":"<p>Viele Menschen sind Karl Friedrich Waldmann und seinem Werk begegnet, ohne den Mann je gesehen zu haben. Waldmann hat diese Menschen begleitet, hat sie informiert und zu Entscheidungen gef\u00fchrt, indem er sie in strenger Selbstschulung und -Pr\u00fcfung mit der eingefangenen Wirklichkeit unserer Zeit konfrontiert. F\u00fcr deren m\u00f6glichst objektive Darbietung verb\u00fcrgt sich der Zeit seines Lebens &hellip; <\/p>\n<p class=\"link-more\"><a href=\"https:\/\/wc-test.waldmann.solutions\/?page_id=608\" class=\"more-link\"><span class=\"screen-reader-text\">\u201eFotograf und Kameramann\u201c<\/span> weiterlesen<\/a><\/p>\n","protected":false},"author":1,"featured_media":0,"parent":0,"menu_order":0,"comment_status":"closed","ping_status":"closed","template":"","meta":{"pgc_sgb_lightbox_settings":"","footnotes":""},"class_list":["post-608","page","type-page","status-publish","hentry"],"jetpack_sharing_enabled":true,"_links":{"self":[{"href":"https:\/\/wc-test.waldmann.solutions\/index.php?rest_route=\/wp\/v2\/pages\/608","targetHints":{"allow":["GET"]}}],"collection":[{"href":"https:\/\/wc-test.waldmann.solutions\/index.php?rest_route=\/wp\/v2\/pages"}],"about":[{"href":"https:\/\/wc-test.waldmann.solutions\/index.php?rest_route=\/wp\/v2\/types\/page"}],"author":[{"embeddable":true,"href":"https:\/\/wc-test.waldmann.solutions\/index.php?rest_route=\/wp\/v2\/users\/1"}],"replies":[{"embeddable":true,"href":"https:\/\/wc-test.waldmann.solutions\/index.php?rest_route=%2Fwp%2Fv2%2Fcomments&post=608"}],"version-history":[{"count":2,"href":"https:\/\/wc-test.waldmann.solutions\/index.php?rest_route=\/wp\/v2\/pages\/608\/revisions"}],"predecessor-version":[{"id":623,"href":"https:\/\/wc-test.waldmann.solutions\/index.php?rest_route=\/wp\/v2\/pages\/608\/revisions\/623"}],"wp:attachment":[{"href":"https:\/\/wc-test.waldmann.solutions\/index.php?rest_route=%2Fwp%2Fv2%2Fmedia&parent=608"}],"curies":[{"name":"wp","href":"https:\/\/api.w.org\/{rel}","templated":true}]}}