{"id":503,"date":"2020-11-24T16:25:43","date_gmt":"2020-11-24T16:25:43","guid":{"rendered":"http:\/\/wc-test.waldmann.solutions\/?page_id=503"},"modified":"2020-12-14T07:32:28","modified_gmt":"2020-12-14T07:32:28","slug":"datenschutz","status":"publish","type":"page","link":"https:\/\/wc-test.waldmann.solutions\/?page_id=503","title":{"rendered":"Datenschutz"},"content":{"rendered":"\n<p>Zustimmung f\u00fcr die Verwendung von Cookies widerrufen:   <code><a href=\"#\" class=\"cn-revoke-cookie cn-button-inline cn-revoke-inline\" title=\"Zustimmung widerrufen\">Zustimmung widerrufen<\/a><\/code><\/p>\n\n\n\n<p>Wir freuen uns \u00fcber Ihr Interesse an unserer Website. Der Schutz Ihrer Privatsph\u00e4re ist f\u00fcr uns sehr wichtig und wir halten uns strikt an die Regeln der Datenschutzgesetze.<br><br>\u00a71 ERHEBUNG, VERARBEITUNG, NUTZUNG UND L\u00d6SCHUNG IHRER PERSONENBEZOGENEN DATEN<br>Personenbezogene Daten sind Angaben \u00fcber sachliche oder pers\u00f6nliche Verh\u00e4ltnisse einer bestimmten oder bestimmbaren nat\u00fcrlichen Person. Hierunter fallen beispielsweise Ihr Name, Ihre Post-Adresse und Ihre E-Mail-Adresse. Wir erheben, speichern und verarbeiten Ihre Daten f\u00fcr die gesamte Abwicklung Ihres Kaufs, einschlie\u00dflich eventuell sp\u00e4terer Gew\u00e4hrleistungen, f\u00fcr unsere Servicedienste und die technische Administration.<br><br>\u00a72 VERWENDUNG VON COOKIES<br>Auf verschiedenen Seiten verwenden wir Cookies, um den Besuch unserer Website attraktiv zu gestalten und die Nutzung bestimmter Funktionen zu erm\u00f6glichen. Hierbei handelt es sich um kleine Textdateien mit einer Identifikationsnummer, die lokal auf der Festplatte deines Rechners abgelegt und f\u00fcr einen sp\u00e4teren Abruf bereitgehalten werden. Sie k\u00f6nnen die meisten Cookie-Einstellungen in deinem jeweiligen Browser nach Ihren Vorstellungen anpassen. Zum Beispiel k\u00f6nnen Sie Ihren Browser so einstellen, dass er alle Cookies ablehnt bzw. anzeigt, wenn diese gesendet werden.<br><br>\u00a73 WEITERGABE PERSONENBEZOGENER DATEN<br>Eine Weitergabe Ihrer Daten erfolgt nicht. RECHT AUF AUSKUNFT, BERICHTIGUNG, L\u00d6SCHUNG, SPERRUNG UND WIDERRUF; RECHT AUF VERGESSENWERDEN; DATENSCHUTZBEAUFTRAGTER UND AUFSICHTSBEHORDE Nach dem Bundesdatenschutzgesetz und die DSGVO (Datenschutz-Grundverordnung) haben Sie ein Recht auf unentgeltliche Auskunft und Widerruf \u00fcber Ihre gespeicherten Daten sowie ggf. ein Recht auf Berichtigung, Sperrung oder L\u00f6schung dieser Daten. \u00a74 E-MAIL-KOMMUNIKATION Der sorgf\u00e4ltige Umgang mit Ihren Daten ist uns sehr wichtig. Ihre E-Mail-Adresse wird nicht weitergegeben.<br><br>\u00a75 \u00c4NDERUNGEN DER DATENSCHUTZERKL\u00c4RUNG UND ABRUFBARKEIT<br>Sie k\u00f6nnen diese Datenschutzerkl\u00e4rung jederzeit von der Hauptseite unserer Homepage unter dem Link \u201eDatenschutz\u201c abrufen. Bitte nehmen Sie zur Kenntnis, dass \u00c4nderungen des Angebots, gesetzliche und rechtliche Neuerungen sowie ggf. nachtr\u00e4glich erkannte Regelungsl\u00fccken \u00c4nderungen dieser Datenschutzerkl\u00e4rung erforderlich werden lassen k\u00f6nnen. Rufen Sie daher von Zeit zu Zeit diese Datenschutzerkl\u00e4rung auf, wenn Sie sich hierzu informieren m\u00f6chten.<br><br>Stand: 24.11.2020<\/p>\n","protected":false},"excerpt":{"rendered":"<p>Zustimmung f\u00fcr die Verwendung von Cookies widerrufen: Wir freuen uns \u00fcber Ihr Interesse an unserer Website. Der Schutz Ihrer Privatsph\u00e4re ist f\u00fcr uns sehr wichtig und wir halten uns strikt an die Regeln der Datenschutzgesetze. \u00a71 ERHEBUNG, VERARBEITUNG, NUTZUNG UND L\u00d6SCHUNG IHRER PERSONENBEZOGENEN DATENPersonenbezogene Daten sind Angaben \u00fcber sachliche oder pers\u00f6nliche Verh\u00e4ltnisse einer bestimmten oder &hellip; <\/p>\n<p class=\"link-more\"><a href=\"https:\/\/wc-test.waldmann.solutions\/?page_id=503\" class=\"more-link\"><span class=\"screen-reader-text\">\u201eDatenschutz\u201c<\/span> weiterlesen<\/a><\/p>\n","protected":false},"author":1,"featured_media":0,"parent":0,"menu_order":0,"comment_status":"closed","ping_status":"closed","template":"","meta":{"pgc_sgb_lightbox_settings":"","footnotes":""},"class_list":["post-503","page","type-page","status-publish","hentry"],"jetpack_sharing_enabled":true,"_links":{"self":[{"href":"https:\/\/wc-test.waldmann.solutions\/index.php?rest_route=\/wp\/v2\/pages\/503","targetHints":{"allow":["GET"]}}],"collection":[{"href":"https:\/\/wc-test.waldmann.solutions\/index.php?rest_route=\/wp\/v2\/pages"}],"about":[{"href":"https:\/\/wc-test.waldmann.solutions\/index.php?rest_route=\/wp\/v2\/types\/page"}],"author":[{"embeddable":true,"href":"https:\/\/wc-test.waldmann.solutions\/index.php?rest_route=\/wp\/v2\/users\/1"}],"replies":[{"embeddable":true,"href":"https:\/\/wc-test.waldmann.solutions\/index.php?rest_route=%2Fwp%2Fv2%2Fcomments&post=503"}],"version-history":[{"count":3,"href":"https:\/\/wc-test.waldmann.solutions\/index.php?rest_route=\/wp\/v2\/pages\/503\/revisions"}],"predecessor-version":[{"id":655,"href":"https:\/\/wc-test.waldmann.solutions\/index.php?rest_route=\/wp\/v2\/pages\/503\/revisions\/655"}],"wp:attachment":[{"href":"https:\/\/wc-test.waldmann.solutions\/index.php?rest_route=%2Fwp%2Fv2%2Fmedia&parent=503"}],"curies":[{"name":"wp","href":"https:\/\/api.w.org\/{rel}","templated":true}]}}